 = 88 + -83. Let s be 2 + (-25)/5 + (l - -2). Let k(h) = h**2 - 3*h. Determine k(s).
4
Let v(n) = 0*n + 2*n - 3*n + 5*n**2. Suppose 5*j + 4 - 16 = -y, -3*y + 16 = 5*j. Suppose 7 - 5 = -j*h. Give v(h).
6
Let j(f) = 5 - 2*f - 2 - 11 + 2. Suppose 4*g = 2*g - 4*b + 22, 4*g + b - 44 = 0. Let i = -17 + g. Calculate j(i).
6
Let x(b) = 0 - 2*b**2 + 2*b + 0*b - 3 - 2*b. Determine x(3).
-21
Let l(t) = 2*t**2 + 6*t - 3. Let g(s) = s**2 + 3*s - 2. Let v = 5 - -2. Let z(p) = v*g(p) - 4*l(p). What is z(-3)?
-2
Let f = 28 - 23. Suppose 4*u + g = -1, -2*g + 0 = f*u + 2. Let v(b) be the first derivative of -b**3/3 - b**2/2 - 8*b + 1. Determine v(u).
-8
Suppose x + 6 = 4*s, 3*x - 2 = -s + 6. Let h(l) = -l - 1. Give h(s).
-3
Let f be 2/(-6) + 12/9. Let t(c) be the second derivative of -1/3*c**3 + 1/2*c**2 + 0 + 1/3*c**4 + 19*c. What is t(f)?
3
Let y(l) = 32*l**3 - l**2 + 10 + l - 31*l**3 + 14*l**2. Give y(-13).
-3
Let h(u) = -u**3 - 18*u**2 + u + 24. Let j be h(-18). Let a(m) = -2*m + 3. What is a(j)?
-9
Let l(t) = 2*t**2 + 7*t - 2. Let r = -39 + 74. Let u = r + -40. Give l(u).
13
Let i = 295 + -292. Let b(m) = m**3 - 3*m**2 + 4*m. Determine b(i).
12
Let u(x) = -66*x - 457. Let h be u(-7). Let g(q) = q**2 + q - 6. Determine g(h).
24
Suppose 3*n + m + 7 = 0, -n + 3 = -0*m - 5*m. Let w(z) = -3*z**2 + 2 + 4 - 3 - 2. Determine w(n).
-11
Suppose 23*n = -8*n + 31. Let l(s) = -13*s + 2. What is l(n)?
-11
Let d(o) be the second derivative of -13*o + 0 - o**2 - 1/3*o**3. Calculate d(-4).
6
Suppose -13*f = -17*f + 20. Suppose f*d - 5*s + 25 = -30, -5*d + 3*s = 49. Let v(g) = -g**2 - 11*g - 10. What is v(d)?
14
Let o(i) = -9*i**2 + 4*i - 1. Suppose -8*h = -143 + 151. Calculate o(h).
-14
Let y(k) = k + 3. Let g(p) = 18*p + 38. Let j(t) = -g(t) + 12*y(t). Determine j(-2).
10
Let w(a) = -a + 2. Let t(n) be the second derivative of -2*n**3/3 + 25*n**2/2 + 37*n. Let r(u) = t(u) - 6*w(u). Give r(-11).
-9
Let v(h) = -138*h + 5 - 4 - h**2 + 71*h - 3 + 66*h. Let g(c) = -2*c - 6. Let q be g(-4). Determine v(q).
-8
Let b(u) = u - 7. Suppose 2*c - 24 = -5*h - 0*c, 5*h - 5*c - 10 = 0. Suppose 4*p + 2*i + 2*i = 16, 2*i = -h. Calculate b(p).
-1
Let k(x) be the first derivative of 1/2*x**2 + 1 + x. Let o be (3 - 4/(12/7))*-3. Determine k(o).
-1
Let d(b) = 5*b - 2 - b**2 - 5 + 2*b**2. Suppose 5*p = -17*p - 194 + 62. Determine d(p).
-1
Let a(b) be the third derivative of b**5/60 - 5*b**4/12 - 3*b**3/2 + 150*b**2. What is a(12)?
15
Let p(q) = q**2 + 12*q - 15. Let w = -283 - -272. Calculate p(w).
-26
Suppose 0 = -4*m - 229 + 233. Let j(t) = 31*t**3 + 2*t**2 - t. Determine j(m).
32
Let f(i) = -i**2 + 4*i - 2. Let y = 12 - 8. Suppose 0 = -y*w + 24. Suppose 3*b + 15 = w*b. Determine f(b).
-7
Let h be (1 + 1*-5)*-1. Let m(c) = c. Let a(r) = -2 + r + 0*r + 1. Let t(d) = h*m(d) - 5*a(d). Determine t(-5).
10
Let n(a) = -a - 26. Let d(l) = l**3 - 10*l**2 - 4*l + 18. Let s be d(10). Give n(s).
-4
Let z(p) = 7*p**3 - 95*p + p**2 + 49*p + 47*p. Let g be (9/(-2))/((-10)/(-60)). Let l = -28 - g. Calculate z(l).
-7
Let x(n) be the first derivative of n**4/24 - n**3/3 - 21*n**2 + 46. Let r(p) be the second derivative of x(p). Give r(-5).
-7
Suppose 2*z + 16 = -3*u, -5*u - 3 = -3*z + 11. Let m(l) = 24395*l**2 - 1 - 12199*l**2 + 2*l + 0 - 12195*l**2. Determine m(u).
7
Let w(p) be the third derivative of -p**6/120 - 11*p**5/60 + 7*p**3/6 - 108*p**2. Let s(i) = i**2 - 11*i + 7. Let j be s(9). Give w(j).
7
Let f(c) = c - c - c + 13*c**2. Suppose -n - 7 = -9. Suppose 3*x = 4*g + 5, 3*x - x = -n*g - 6. Calculate f(x).
14
Let g(w) = -12*w + 65 - 68 + w. Give g(-2).
19
Let t(c) = -1. Let f(u) = -u**2 - 5*u - 3. Let x(q) = q. Let a(z) = -f(z) - 3*x(z). Let p(v) = -a(v) - 5*t(v). Give p(-3).
-1
Let v(s) = 32*s**2 + 0*s - 14*s**2 - s + 16 + 6 - 19*s**2. Give v(-5).
2
Let j(d) be the third derivative of -d**5/60 - d**4/24 - 4*d**3/3 + 135*d**2. Give j(0).
-8
Suppose -4*a = -0*r + r - 3, 0 = -5*a - 5*r - 15. Suppose a*k = 2*g - 2 + 12, -40 = 4*g + k. Let t = g + 13. Let w(z) = z**2 - 7*z + 6. What is w(t)?
-6
Let h(t) = -1 + 13*t + 8*t**2 + 6*t**2 - 13*t**2. Let v(j) = -7*j + 1. Let m(k) = 3*h(k) + 5*v(k). Give m(-3).
17
Let y be ((-8)/10)/((-13)/65). Let s(p) = 1 + 2*p + 0 - y*p - 2*p. Calculate s(2).
-7
Let c(p) be the second derivative of p**5/20 - 7*p**4/12 - p**3/6 + p**2 - 4*p - 3. Determine c(7).
-5
Let n(m) = 4*m**3 + 11*m**2 - 20*m + 3. Let c(h) = h**3 - h**2 - h - 3. Let g(x) = -5*c(x) + n(x). Give g(15).
18
Suppose -15*t + 4*t = -55. Suppose 10 = -2*p - 2*p + 2*f, 2*p + t*f = -35. Let g(c) = c**2 + 4*c + 3. Determine g(p).
8
Let a(s) = 20*s**2 + s. Let d be a(1). Suppose -3*z + 2*o = d, 2*z + o + 21 = -z. Let i(n) = -2 - n**3 - 1 + 7*n**2 + 2*n**3. Determine i(z).
-3
Let j(q) = q - 2. Let v be j(3). Let u(m) be the second derivative of 0 + 0*m**2 - 3*m - 11/6*m**3. Give u(v).
-11
Let r(p) = -4*p**2 + 4. Let b(y) = -y**2 + y - 1. Let s(h) = 3*b(h) - r(h). Give s(-5).
3
Let x(p) = 5*p**3 + 35*p**2 + 24*p - 3. Let g(b) = 3*b**3 + 23*b**2 + 15*b - 2. Let y(u) = 8*g(u) - 5*x(u). Give y(9).
-1
Let v = 949 + -945. Let w(z) = z**3 - 5*z**2 + 9*z. What is w(v)?
20
Suppose s = -55*s + 168. Let r(j) be the second derivative of 0 + s*j + 1/2*j**2 + 0*j**3 + 1/6*j**4. Give r(1).
3
Let x(a) be the third derivative of -1/12*a**4 - 1/120*a**6 + 1/3*a**3 + 0 + 31*a**2 - 1/20*a**5 + 0*a. What is x(-4)?
26
Suppose -4*u + 20 = -2*b, 4*b + 14 = 4*u - b. Let v(c) = -c**2 + 8*c - 14. What is v(u)?
-2
Let y(x) be the first derivative of 3*x**2/2 + 3*x - 1. Let w be y(2). Let r = w - 8. Let z(b) = -6*b**3 + 1. Calculate z(r).
-5
Let m(j) = 18*j - 4. Let r be m(-4). Let v be r/18 - (-18)/81. Let a(k) = k**3 + 5*k**2 + 3*k - 1. Determine a(v).
3
Let s = -15 + 8. Let c = s - 10. Let a = -17 - c. Let r(n) = n - 8. What is r(a)?
-8
Let j(t) = 2*t**3 + 4*t**2 - 2. Suppose -102*y - 15 = -97*y. Give j(y).
-20
Let k(t) = t + 18. Let f = -101 - -89. Give k(f).
6
Let g(h) = h - 3. Let d = 7 - 2. Let a be g(d). Suppose 2*p - a*m - 2 = 6, -3*p - m = -12. Let u(j) = -j**2 + 2*j + 4. Determine u(p).
-4
Let w be (4/3 + (-13)/3)*-1. Let c(p) = -5*p**2 - 3*p + 3. Let s(o) = 4*o**2 + 3*o - 2. Let k(i) = 5*c(i) + 6*s(i). Give k(w).
3
Let k be (16/3)/(-2 - 4/(-3)). Let o(b) = b + 7. What is o(k)?
-1
Let k be (1/(-2) - 0)*4. Let x(p) = -4*p + 2. Let s(y) = -5*y + 2. Let g(b) = -2*b + 1. Let v(f) = 2*g(f) + s(f). Let t(a) = 2*v(a) - 5*x(a). Give t(k).
-6
Suppose 2*y - 6*y = 0. Suppose y = b - 7 + 2. Let c(h) = -7*h + 3*h - b*h - 1. Calculate c(-1).
8
Let p(h) = -h + 5. Let b(r) = -18*r - 156. Let d be b(-9). What is p(d)?
-1
Let b(h) = -3*h + 78 - h**3 + 6*h + 76 + 9*h**2 + 8*h - 160. Calculate b(10).
4
Suppose -3*w + k = -1 + 5, 2*w - k + 4 = 0. Suppose w = -a + 5 + 1. Let i(t) = -t**3 + 5*t**2 + 5*t + 7. What is i(a)?
1
Let p be 0/1 + 25/5. Suppose -5*d + p - 20 = 0. Let h(q) = -11*q - 9. Let y(x) = -5*x - 4. Let n(z) = 4*h(z) - 9*y(z). What is n(d)?
-3
Suppose 2*v + b - 6 = 0, -5*v - 4*b + 21 = -3*b. Suppose -45 = 8*p - v. Let z(t) = t**3 + 5*t**2 - t - 6. Give z(p).
-1
Let l(k) = 2*k**2 + 13*k - 25. Let g(b) = b**2 - b - 1. Let z(t) = -3*g(t) + l(t). What is z(14)?
6
Let w = -43 - -46. Suppose -w*a + 0*a = -6. Let o(p) = p**3 - p**2 + p. What is o(a)?
6
Let p(t) = t**2 - 3*t - 3. Suppose 0 = -10*d + 4*d + 54. Suppose -3*b + 12 = -5*b. Let j = b + d. Determine p(j).
-3
Let h(k) = -k + 7. Let u be (((-16)/(-10))/1)/(2/5). Suppose -4*q - 2*o + 55 = 3*o, u*q + 3*o - 49 = 0. What is h(q)?
-3
Let z(s) be the first derivative of s**4/4 - s**3 - 2*s**2 - s + 8. Let o = 20 - 16. Give z(o).
-1
Let y(h) be the third derivative of -1/3*h**3 + 8*h**2 + 1/120*h**6 - 1/12*h**5 + 0 + 0*h + 1/8*h**4. Suppose -2*u - 4 = -3*u. What is y(u)?
-6
Let g(t) be the first derivative of -t**4/4 + 6*t**3 - 16*t**2 - 3*t - 818. Give g(16).
-3
Let c = -1 + -2. Let t be 2*(c + 1 + 5). Let g(d) = -d**2 + 10*d + 11. Let y(i) = i**2 - 9*i - 10. Let a(h) = -5*g(h) - 6*y(h). What is a(t)?
-7
Let y(x) = x**3 + 3*x**2 - x - 3. Let r be y(-3). Let p(s) = -10 + s + 10*s**2 - 11*s**2 + 2*s**2. Give p(r).
-10
Let b(v) = -42*v + 90*v - 46*v + 9. Determine b(-6).
-3
Let r(y) = -3*y**3 + 8*y**2 + 4*y - 3. Let j(g) = -8*g**3 + 17*g**2 + 9*g - 6. Let d(z) = -2*j(z) + 5*r(z). Calculate d(-6).
-